s the tens digit of c?
3
Let c(v) = -v**3 + 13*v**2 + 24*v - 6. What is the tens digit of c(13)?
0
Suppose -n + 12 = -8. What is the units digit of n?
0
Suppose -4*h + 3*h = 2. What is the units digit of 25 + (-1 - (0 - h))?
2
Let v(x) be the first derivative of x**3 - x**2/2 - 3. What is the units digit of v(2)?
0
Let j(z) = -z**2 - 6*z + 5. Let w be (14/4)/(2/(-4)). Let l be j(w). What is the tens digit of (-12 - l)*(0 + -1)?
1
Suppose -5*q = -92 - 158. Suppose -16 = -5*s + 4*i, 3*s - 5*i + 0 - 7 = 0. Suppose -6 = s*k - q. What is the tens digit of k?
1
Let j(v) be the third derivative of v**4/8 - 7*v**3/6 + 3*v**2. What is the units digit of j(6)?
1
Suppose -3*z - 12 + 33 = 0. What is the units digit of z?
7
Let g be 3/(-6) + (-33)/(-6). Suppose 0 = h - g*h + 96. What is the units digit of h?
4
Let b = 67 + -24. Let o = -11 - -13. Suppose -5*j - 47 = -4*h, -j = 5*h - o*j - b. What is the units digit of h?
8
Let o(z) = z + 14. Let h be o(10). Suppose -5 - h = -v. What is the units digit of v?
9
Let s be (0 - -2)/((-3)/(-6)). Suppose s*y - 96 = -0*y. Suppose q - y = -3*q. What is the units digit of q?
6
Let v be (4/6)/(2/9). Suppose -5*f = -v*f - 12. What is the units digit of f?
6
Let z = 11 - 19. Let c = z + -6. Let l = c + 20. What is the units digit of l?
6
Let z be (-1400)/(-24) - (-2)/(-6). Let i = z - 12. What is the tens digit of i?
4
Let g be -1*(-4)/(12/9). Suppose 3*x + 18 = -g*m, x - 5*m = -3*x + 12. What is the units digit of x/8 + (-18)/(-8)?
2
Let x(b) = b**3 - 5*b**2 - 5*b - 5. Let j be x(6). Suppose 3*p = j + 5. Suppose 3*q - d = 15, -3*d - 15 = -p*q + 2. What is the units digit of q?
4
Let t(d) = 22*d**2 + 1. Let a be t(-1). What is the units digit of a/2 + (-8)/(-16)?
2
Suppose 0 - 4 = -u. Suppose -u*b = b - 70. What is the units digit of b?
4
Let d(w) = 7*w**2 + 1. What is the units digit of d(3)?
4
Suppose -7*f = -17*f + 530. What is the tens digit of f?
5
Let m be 0/((-6)/2) + 23. Let b = m - 14. What is the units digit of b?
9
What is the units digit of 2/(0 + 3/12)?
8
Let n(m) = 3*m**2 - m + 1. Let w be (-1)/(-1 - -2 - 2). Let f be n(w). Suppose f*t + 5 = 41. What is the tens digit of t?
1
Let z(o) = -o**3 - 16*o**2 - 17*o + 14. What is the units digit of z(-15)?
4
Let t(x) = x**3 + 2*x**2 - 2*x - 3. Let d be t(-2). Suppose 2*f + r = -2*f - 10, -14 = 5*f + 2*r. What is the units digit of d/f + (-10)/(-4)?
2
What is the units digit of -1 + 439/6 + (-12)/72?
2
Let h be (-2)/(-6) + (-1)/3. Let y be (2 - -1) + (-1 - 0). What is the units digit of 2/(y/8 - h)?
8
Suppose -10*c + 462 = -1408. What is the tens digit of c?
8
Suppose 3*h + t - 5 = 0, -2*h - 2*t - 3 + 1 = 0. Let s = 26 - 18. Let m = s - h. What is the units digit of m?
5
Let l(t) = t**3 + 5*t**2 - 2*t + 4. What is the tens digit of l(-5)?
1
Suppose 253 = o + 5*z + 85, -3*o + z = -584. What is the hundreds digit of o?
1
Let z = -75 + 135. Suppose -41 = i - 2*i + 5*n, z = 5*i + 4*n. What is the units digit of i?
6
Suppose 0*l = -2*l + 4. Let d be (-1 - (l - 3))/(-1). Let t = d - -1. What is the units digit of t?
1
Let o = 0 + -7. Let y = o - -12. What is the units digit of 1/(-1 + 6/y)?
5
Let w(u) = -4*u**2 + 1 + 2 + 2*u**2 + u + 3*u**2. What is the units digit of w(-4)?
5
Let l(u) = 13*u - 1. Let n be l(5). Suppose -n = -3*i - 1. What is the units digit of i?
1
Suppose 3*r = 6 + 3. Suppose -a = r*a - 24. What is the units digit of (2/a)/(2/30)?
5
Let p be (10/6 + -2)*-12. Suppose 5*j = 2*l + 146, p*j - 77 = 2*l + 41. What is the tens digit of j?
2
Let f = -114 - -251. What is the tens digit of f?
3
Suppose -z - 2*z = -3*l - 261, -5*z - 3*l = -435. What is the tens digit of z?
8
Let l(b) = -b - 1. Let f be l(-3). Let n(k) = -k**3 - 9*k**2 - 8*k - 1. Let a be n(-8). Let w = a + f. What is the units digit of w?
1
Suppose -14 + 2 = -3*g. Suppose 0 = g*j - 0 + 8. What is the tens digit of 2/j*-10 + 1?
1
Suppose 4*y + 54 = y. Let c be (-1)/6 - 57/y. Suppose -26 = -c*f + f. What is the tens digit of f?
1
Let i(c) = 2*c + 42. What is the tens digit of i(0)?
4
What is the units digit of (3 - (-230)/6)*3?
4
Let q = 2 - -20. Let z = q + -16. What is the units digit of z?
6
Let j be ((-6)/15)/((-3)/615). Let i be j/1*(-4)/(-8). Suppose -3*o - i = -3*r + o, 5*r - 4*o - 63 = 0. What is the tens digit of r?
1
Suppose -7*c = 452 - 2167. What is the hundreds digit of c?
2
Let r be -2 - -1 - (-1 + 66). Let h be r/(-4)*2/3. Let b = h + -8. What is the units digit of b?
3
Let b = -74 + 88. What is the units digit of b?
4
Let j = 44 + -12. What is the tens digit of j?
3
Let q = 46 - 25. What is the tens digit of q?
2
Let a = 19 - 9. What is the units digit of a?
0
Suppose 8 = w - t, -2*w + 0*w + 1 = 3*t. What is the units digit of w?
5
Suppose 4*v = -15 + 3. Let u = v + 7. What is the units digit of ((-11)/(-2))/(2/u)?
1
Suppose -5*v = 4*p, -p - 5*v - 5 = 4*p. Suppose -4*n = -2*y + 14, 2*n = -4*y + 26 + 2. Let x = p + y. What is the units digit of x?
2
Let z(m) be the first derivative of 2*m**2 - 4*m + 6. What is the tens digit of z(6)?
2
Let n = -9 - -51. What is the units digit of n?
2
Let v(m) = 6*m - 7. Let w(d) = d - 1. Let h(u) = -2*v(u) + 14*w(u). What is the tens digit of h(5)?
1
Suppose -3*w - 2*w = -4*r, -4*w = 2*r + 26. What is the tens digit of (w - (-86)/2) + -3?
3
Let j(r) be the third derivative of r**6/120 - r**5/20 + r**4/6 - r**3/3 + r**2. Let x(w) = w**3 + 2*w**2 + 2. Let t be x(-2). What is the units digit of j(t)?
2
Suppose -21 - 9 = -b. What is the units digit of (b/(-8))/(3/(-12))?
5
Let g be 0/((-4 - -3) + 0). Suppose g = 5*f - f + 76. Let q = f + 31. What is the units digit of q?
2
Suppose j + 3*j - 200 = 0. What is the tens digit of j?
5
Suppose -2*n - 320 + 118 = -5*o, 4*o - n = 164. What is the tens digit of o?
4
Let g(m) = m - 12. Let j be g(7). What is the units digit of (-15)/(-1) - 10/j?
7
Let h = 11 - -9. What is the units digit of h?
0
Suppose -5*b + 56 = -3*b. Let w = b + -13. What is the tens digit of w?
1
Suppose 0*c = -4*c. Suppose -5*t = 5, c = -5*v + 2*t + t + 43. What is the units digit of v?
8
Let d(l) = -l**2 + 14*l - 22. Let h be d(15). Let n = h + 65. What is the tens digit of n?
2
Let q(b) be the third derivative of 3*b**4/4 - 3*b**2. Let k be q(1). What is the units digit of k*(1 - 0) + -2?
6
Let u be (0 - 4) + (-51)/3. What is the units digit of u/14 - 190/(-4)?
6
Let z = 12 - 7. Let g = 19 + z. What is the tens digit of g?
2
Let p(x) = -x**2 - 8*x + 2. Let s be p(-8). Let n be s - 38/(3/(-3)). Suppose 7*o = 2*o + 2*y + n, -2*o - 4*y - 8 = 0. What is the units digit of o?
6
Let b = -2 + 4. What is the units digit of b?
2
Let g = -106 + 254. What is the units digit of g?
8
Let v be 1 + (3 - 4) + -9. Let w = v - -11. What is the units digit of w?
2
Let n(c) = c**3 - c**2 - 2*c + 3. Let h be n(2). Let z(d) = 6*d**2 + d + 1 + d**h + 5 + 4*d. What is the units digit of z(-5)?
6
Let d = 7 - 4. Let x = d - 1. What is the units digit of x?
2
Suppose 2*z - 4 = -2*w, z + 7 = -3*w + 15. Let p(d) = -16*d**3 - 3 + 15*d**w - d + 5. What is the units digit of p(0)?
2
Let i = -9 - -20. What is the tens digit of i?
1
Suppose 0*j - 2*j + 54 = 0. Let s = j + -38. Let c = -2 - s. What is the units digit of c?
9
What is the units digit of 3 + -5 + 1 + 45?
4
Suppose 0 = 4*g - 12 - 36. Suppose 4*x + 4 = g. Let u(j) = j - 1. What is the units digit of u(x)?
1
Suppose 0 = 5*t - 25, 361 = 3*b - 2*t - 43. What is the units digit of b?
8
Suppose -3*h = h + 28. Let w = h + -13. Let q = 30 + w. What is the units digit of q?
0
Suppose 5*h - 2*z - 90 = 0, 4*h - h = 3*z + 63. What is the units digit of h?
6
Suppose -49 = -6*x + 77. What is the units digit of x?
1
Suppose 0 = -4*f - 20, -2*n - 4*f - 23 = f. Let i be n/(-2) - 31/2. What is the units digit of (-1)/3 - i/12?
1
Let b(y) = y**2 + 6*y + 11. What is the tens digit of b(-8)?
2
Suppose -4 = u - 6. Let l be (2*-3)/u - -8. Let t(q) = -q**2 + 5*q + 3. What is the units digit of t(l)?
3
Suppose -x - s + 33 = 0, 0 = -0*x + 2*x - 5*s - 38. What is the units digit of x?
9
Suppose 0 = 2*p - 10 - 8. Suppose 3 + p = l. What is the tens digit of l?
1
Let l = 22 + -9. Suppose -3*v + v - s - 13 = 0, 4*s = 5*v + l. What is the units digit of 6/v*(-10)/4?
3
Suppose -2*d = -5*r - 84, 3*d - d + r - 84 = 0. What is the units 